{"id":5777,"date":"2017-09-04T19:49:06","date_gmt":"2017-09-04T19:49:06","guid":{"rendered":"http:\/\/themenectar.com\/demo\/salient-blog-ultimate\/?page_id=4"},"modified":"2020-10-07T03:40:30","modified_gmt":"2020-10-07T03:40:30","slug":"blog-sobre-diseno-web","status":"publish","type":"page","link":"https:\/\/atrevete.pe\/blog\/","title":{"rendered":"Blog Atrevete.pe Agencia de Dise\u00f1o Web"},"content":{"rendered":"[vc_row type=\u00bbfull_width_content\u00bb full_screen_row_position=\u00bbmiddle\u00bb scene_position=\u00bbcenter\u00bb text_color=\u00bbdark\u00bb text_align=\u00bbleft\u00bb overlay_strength=\u00bb0.3&#8243; shape_divider_position=\u00bbbottom\u00bb shape_type=\u00bb\u00bb][vc_column column_padding=\u00bbno-extra-padding\u00bb column_padding_position=\u00bball\u00bb background_color_opacity=\u00bb1&#8243; background_hover_color_opacity=\u00bb1&#8243; column_shadow=\u00bbnone\u00bb column_border_radius=\u00bbnone\u00bb width=\u00bb1\/1&#8243; tablet_text_alignment=\u00bbdefault\u00bb phone_text_alignment=\u00bbdefault\u00bb column_border_width=\u00bbnone\u00bb column_border_style=\u00bbsolid\u00bb][recent_posts style=\u00bbmultiple_large_featured\u00bb category=\u00bball\u00bb multiple_large_featured_num=\u00bb3&#8243; auto_rotate=\u00bb8000&#8243; large_featured_padding=\u00bb14%\u00bb mlf_navigation_location=\u00bbside\u00bb button_color=\u00bbExtra-Color-1&#8243; bg_overlay=\u00bbsolid_color\u00bb order=\u00bbDESC\u00bb orderby=\u00bbdate\u00bb][\/vc_column][\/vc_row][vc_row type=\u00bbin_container\u00bb full_screen_row_position=\u00bbmiddle\u00bb scene_position=\u00bbcenter\u00bb text_color=\u00bbdark\u00bb text_align=\u00bbleft\u00bb overlay_strength=\u00bb0.3&#8243; shape_divider_position=\u00bbbottom\u00bb shape_type=\u00bb\u00bb][vc_column column_padding=\u00bbno-extra-padding\u00bb column_padding_position=\u00bball\u00bb background_color_opacity=\u00bb1&#8243; background_hover_color_opacity=\u00bb1&#8243; column_shadow=\u00bbnone\u00bb column_border_radius=\u00bbnone\u00bb top_margin=\u00bb-5%\u00bb width=\u00bb1\/1&#8243; tablet_text_alignment=\u00bbdefault\u00bb phone_text_alignment=\u00bbdefault\u00bb column_border_width=\u00bbnone\u00bb column_border_style=\u00bbsolid\u00bb][nectar_blog layout=\u00bbmasonry-blog-fullwidth\u00bb blog_masonry_style=\u00bbmaterial\u00bb category=\u00bball\u00bb load_in_animation=\u00bbperspective\u00bb order=\u00bbDESC\u00bb orderby=\u00bbdate\u00bb posts_per_page=\u00bb5&#8243; post_offset=\u00bb3&#8243;][\/vc_column][\/vc_row][vc_row type=\u00bbin_container\u00bb full_screen_row_position=\u00bbmiddle\u00bb scene_position=\u00bbcenter\u00bb text_color=\u00bbdark\u00bb text_align=\u00bbleft\u00bb disable_element=\u00bbyes\u00bb overlay_strength=\u00bb0.3&#8243; shape_divider_position=\u00bbbottom\u00bb shape_type=\u00bb\u00bb][vc_column column_padding=\u00bbno-extra-padding\u00bb column_padding_position=\u00bball\u00bb background_color_opacity=\u00bb1&#8243; background_hover_color_opacity=\u00bb1&#8243; column_shadow=\u00bbnone\u00bb column_border_radius=\u00bbnone\u00bb width=\u00bb1\/1&#8243; tablet_text_alignment=\u00bbdefault\u00bb phone_text_alignment=\u00bbdefault\u00bb column_border_width=\u00bbnone\u00bb column_border_style=\u00bbsolid\u00bb][nectar_blog layout=\u00bbstd-blog-fullwidth\u00bb blog_standard_style=\u00bbfeatured_img_left\u00bb category=\u00bball\u00bb load_in_animation=\u00bbnone\u00bb order=\u00bbDESC\u00bb orderby=\u00bbdate\u00bb posts_per_page=\u00bb6&#8243; post_offset=\u00bb9&#8243;][\/vc_column][\/vc_row][vc_row type=\u00bbfull_width_content\u00bb full_screen_row_position=\u00bbmiddle\u00bb scene_position=\u00bbcenter\u00bb text_color=\u00bbdark\u00bb text_align=\u00bbleft\u00bb overlay_strength=\u00bb0.3&#8243; shape_divider_position=\u00bbbottom\u00bb shape_type=\u00bb\u00bb][vc_column column_padding=\u00bbno-extra-padding\u00bb column_padding_position=\u00bball\u00bb background_color_opacity=\u00bb1&#8243; background_hover_color_opacity=\u00bb1&#8243; column_shadow=\u00bbnone\u00bb column_border_radius=\u00bbnone\u00bb width=\u00bb1\/1&#8243; tablet_text_alignment=\u00bbdefault\u00bb phone_text_alignment=\u00bbdefault\u00bb column_border_width=\u00bbnone\u00bb column_border_style=\u00bbsolid\u00bb][vc_column_text css=\u00bb.vc_custom_1530900830718{margin-top: 60px !important;margin-bottom: 60px !important;}\u00bb]\n<h2 style=\"text-align: center;\">\u00daltimos art\u00edculos<\/h2>\n[\/vc_column_text][recent_posts style=\u00bbslider_multiple_visible\u00bb category=\u00bball\u00bb columns=\u00bb3&#8243; button_color=\u00bbAccent-Color\u00bb order=\u00bbDESC\u00bb orderby=\u00bbdate\u00bb posts_per_page=\u00bb6&#8243;][\/vc_column][\/vc_row][vc_row type=\u00bbfull_width_background\u00bb full_screen_row_position=\u00bbmiddle\u00bb scene_position=\u00bbcenter\u00bb text_color=\u00bbdark\u00bb text_align=\u00bbleft\u00bb top_padding=\u00bb5%\u00bb overlay_strength=\u00bb0.3&#8243; shape_divider_position=\u00bbbottom\u00bb shape_type=\u00bb\u00bb][vc_column column_padding=\u00bbno-extra-padding\u00bb column_padding_position=\u00bball\u00bb background_color_opacity=\u00bb1&#8243; background_hover_color_opacity=\u00bb1&#8243; column_shadow=\u00bbnone\u00bb column_border_radius=\u00bbnone\u00bb width=\u00bb1\/1&#8243; tablet_text_alignment=\u00bbdefault\u00bb phone_text_alignment=\u00bbdefault\u00bb column_border_width=\u00bbnone\u00bb column_border_style=\u00bbsolid\u00bb][vc_column_text css=\u00bb.vc_custom_1530900840084{margin-top: 20px !important;margin-bottom: 60px !important;}\u00bb]\n<h2 style=\"text-align: center;\">Tendencia<\/h2>\n[\/vc_column_text][recent_posts style=\u00bblist_featured_first_row\u00bb category=\u00bball\u00bb columns=\u00bb3&#8243; order=\u00bbASC\u00bb orderby=\u00bbrand\u00bb posts_per_page=\u00bb9&#8243;][\/vc_column][\/vc_row]\n","protected":false},"excerpt":{"rendered":"<p>[vc_row type=\u00bbfull_width_content\u00bb full_screen_row_position=\u00bbmiddle\u00bb scene_position=\u00bbcenter\u00bb text_color=\u00bbdark\u00bb text_align=\u00bbleft\u00bb overlay_strength=\u00bb0.3&#8243; shape_divider_position=\u00bbbottom\u00bb shape_type=\u00bb\u00bb][vc_column column_padding=\u00bbno-extra-padding\u00bb column_padding_position=\u00bball\u00bb background_color_opacity=\u00bb1&#8243; background_hover_color_opacity=\u00bb1&#8243; column_shadow=\u00bbnone\u00bb column_border_radius=\u00bbnone\u00bb width=\u00bb1\/1&#8243; tablet_text_alignment=\u00bbdefault\u00bb phone_text_alignment=\u00bbdefault\u00bb column_border_width=\u00bbnone\u00bb column_border_style=\u00bbsolid\u00bb][recent_posts style=\u00bbmultiple_large_featured\u00bb category=\u00bball\u00bb multiple_large_featured_num=\u00bb3&#8243; auto_rotate=\u00bb8000&#8243; large_featured_padding=\u00bb14%\u00bb&#8230;<\/p>\n","protected":false},"author":1,"featured_media":5999,"parent":0,"menu_order":0,"comment_status":"closed","ping_status":"closed","template":"","meta":{"footnotes":""},"class_list":["post-5777","page","type-page","status-publish","has-post-thumbnail"],"yoast_head":"<!-- This site is optimized with the Yoast SEO plugin v24.9 - https:\/\/yoast.com\/wordpress\/plugins\/seo\/ -->\n<title>? Blog sobre Dise\u00f1o Web Lima Per\u00fa | Agencia Atrevete.pe<\/title>\n<meta name=\"description\" content=\"Blog sobre Dise\u00f1o Web \u2705 Atrevete.pe especialistas en dise\u00f1o de p\u00e1ginas web, tanto ecommerce, sitios web informativos y landing pages.\" \/>\n<meta name=\"robots\" content=\"index, follow, max-snippet:-1, max-image-preview:large, max-video-preview:-1\" \/>\n<link rel=\"canonical\" href=\"https:\/\/atrevete.pe\/blog\/\" \/>\n<meta property=\"og:locale\" content=\"es_ES\" \/>\n<meta property=\"og:type\" content=\"article\" \/>\n<meta property=\"og:title\" content=\"? Blog sobre Dise\u00f1o Web Lima Per\u00fa | Agencia Atrevete.pe\" \/>\n<meta property=\"og:description\" content=\"Blog sobre Dise\u00f1o Web \u2705 Atrevete.pe especialistas en dise\u00f1o de p\u00e1ginas web, tanto ecommerce, sitios web informativos y landing pages.\" \/>\n<meta property=\"og:url\" content=\"https:\/\/atrevete.pe\/blog\/\" \/>\n<meta property=\"og:site_name\" content=\"Blog Atr\u00e9vete\" \/>\n<meta property=\"article:modified_time\" content=\"2020-10-07T03:40:30+00:00\" \/>\n<meta property=\"og:image\" content=\"https:\/\/atrevete.pe\/blog\/wp-content\/uploads\/2020\/06\/Banner1.jpg\" \/>\n\t<meta property=\"og:image:width\" content=\"1920\" \/>\n\t<meta property=\"og:image:height\" content=\"960\" \/>\n\t<meta property=\"og:image:type\" content=\"image\/jpeg\" \/>\n<meta name=\"twitter:card\" content=\"summary_large_image\" \/>\n<meta name=\"twitter:label1\" content=\"Tiempo de lectura\" \/>\n\t<meta name=\"twitter:data1\" content=\"3 minutos\" \/>\n<script type=\"application\/ld+json\" class=\"yoast-schema-graph\">{\"@context\":\"https:\/\/schema.org\",\"@graph\":[{\"@type\":\"WebPage\",\"@id\":\"https:\/\/atrevete.pe\/blog\/\",\"url\":\"https:\/\/atrevete.pe\/blog\/\",\"name\":\"? Blog sobre Dise\u00f1o Web Lima Per\u00fa | Agencia Atrevete.pe\",\"isPartOf\":{\"@id\":\"https:\/\/atrevete.pe\/blog\/#website\"},\"primaryImageOfPage\":{\"@id\":\"https:\/\/atrevete.pe\/blog\/#primaryimage\"},\"image\":{\"@id\":\"https:\/\/atrevete.pe\/blog\/#primaryimage\"},\"thumbnailUrl\":\"https:\/\/atrevete.pe\/blog\/wp-content\/uploads\/2020\/06\/Banner1.jpg\",\"datePublished\":\"2017-09-04T19:49:06+00:00\",\"dateModified\":\"2020-10-07T03:40:30+00:00\",\"description\":\"Blog sobre Dise\u00f1o Web \u2705 Atrevete.pe especialistas en dise\u00f1o de p\u00e1ginas web, tanto ecommerce, sitios web informativos y landing pages.\",\"breadcrumb\":{\"@id\":\"https:\/\/atrevete.pe\/blog\/#breadcrumb\"},\"inLanguage\":\"es\",\"potentialAction\":[{\"@type\":\"ReadAction\",\"target\":[\"https:\/\/atrevete.pe\/blog\/\"]}]},{\"@type\":\"ImageObject\",\"inLanguage\":\"es\",\"@id\":\"https:\/\/atrevete.pe\/blog\/#primaryimage\",\"url\":\"https:\/\/atrevete.pe\/blog\/wp-content\/uploads\/2020\/06\/Banner1.jpg\",\"contentUrl\":\"https:\/\/atrevete.pe\/blog\/wp-content\/uploads\/2020\/06\/Banner1.jpg\",\"width\":1920,\"height\":960},{\"@type\":\"BreadcrumbList\",\"@id\":\"https:\/\/atrevete.pe\/blog\/#breadcrumb\",\"itemListElement\":[{\"@type\":\"ListItem\",\"position\":1,\"name\":\"Portada\",\"item\":\"https:\/\/atrevete.pe\/blog\/\"},{\"@type\":\"ListItem\",\"position\":2,\"name\":\"Blog Atrevete.pe Agencia de Dise\u00f1o Web\"}]},{\"@type\":\"WebSite\",\"@id\":\"https:\/\/atrevete.pe\/blog\/#website\",\"url\":\"https:\/\/atrevete.pe\/blog\/\",\"name\":\"Blog Atr\u00e9vete\",\"description\":\"Agencia de Dise\u00f1o Web\",\"potentialAction\":[{\"@type\":\"SearchAction\",\"target\":{\"@type\":\"EntryPoint\",\"urlTemplate\":\"https:\/\/atrevete.pe\/blog\/?s={search_term_string}\"},\"query-input\":{\"@type\":\"PropertyValueSpecification\",\"valueRequired\":true,\"valueName\":\"search_term_string\"}}],\"inLanguage\":\"es\"}]}<\/script>\n<!-- \/ Yoast SEO plugin. -->","yoast_head_json":{"title":"? Blog sobre Dise\u00f1o Web Lima Per\u00fa | Agencia Atrevete.pe","description":"Blog sobre Dise\u00f1o Web \u2705 Atrevete.pe especialistas en dise\u00f1o de p\u00e1ginas web, tanto ecommerce, sitios web informativos y landing pages.","robots":{"index":"index","follow":"follow","max-snippet":"max-snippet:-1","max-image-preview":"max-image-preview:large","max-video-preview":"max-video-preview:-1"},"canonical":"https:\/\/atrevete.pe\/blog\/","og_locale":"es_ES","og_type":"article","og_title":"? Blog sobre Dise\u00f1o Web Lima Per\u00fa | Agencia Atrevete.pe","og_description":"Blog sobre Dise\u00f1o Web \u2705 Atrevete.pe especialistas en dise\u00f1o de p\u00e1ginas web, tanto ecommerce, sitios web informativos y landing pages.","og_url":"https:\/\/atrevete.pe\/blog\/","og_site_name":"Blog Atr\u00e9vete","article_modified_time":"2020-10-07T03:40:30+00:00","og_image":[{"width":1920,"height":960,"url":"https:\/\/atrevete.pe\/blog\/wp-content\/uploads\/2020\/06\/Banner1.jpg","type":"image\/jpeg"}],"twitter_card":"summary_large_image","twitter_misc":{"Tiempo de lectura":"3 minutos"},"schema":{"@context":"https:\/\/schema.org","@graph":[{"@type":"WebPage","@id":"https:\/\/atrevete.pe\/blog\/","url":"https:\/\/atrevete.pe\/blog\/","name":"? Blog sobre Dise\u00f1o Web Lima Per\u00fa | Agencia Atrevete.pe","isPartOf":{"@id":"https:\/\/atrevete.pe\/blog\/#website"},"primaryImageOfPage":{"@id":"https:\/\/atrevete.pe\/blog\/#primaryimage"},"image":{"@id":"https:\/\/atrevete.pe\/blog\/#primaryimage"},"thumbnailUrl":"https:\/\/atrevete.pe\/blog\/wp-content\/uploads\/2020\/06\/Banner1.jpg","datePublished":"2017-09-04T19:49:06+00:00","dateModified":"2020-10-07T03:40:30+00:00","description":"Blog sobre Dise\u00f1o Web \u2705 Atrevete.pe especialistas en dise\u00f1o de p\u00e1ginas web, tanto ecommerce, sitios web informativos y landing pages.","breadcrumb":{"@id":"https:\/\/atrevete.pe\/blog\/#breadcrumb"},"inLanguage":"es","potentialAction":[{"@type":"ReadAction","target":["https:\/\/atrevete.pe\/blog\/"]}]},{"@type":"ImageObject","inLanguage":"es","@id":"https:\/\/atrevete.pe\/blog\/#primaryimage","url":"https:\/\/atrevete.pe\/blog\/wp-content\/uploads\/2020\/06\/Banner1.jpg","contentUrl":"https:\/\/atrevete.pe\/blog\/wp-content\/uploads\/2020\/06\/Banner1.jpg","width":1920,"height":960},{"@type":"BreadcrumbList","@id":"https:\/\/atrevete.pe\/blog\/#breadcrumb","itemListElement":[{"@type":"ListItem","position":1,"name":"Portada","item":"https:\/\/atrevete.pe\/blog\/"},{"@type":"ListItem","position":2,"name":"Blog Atrevete.pe Agencia de Dise\u00f1o Web"}]},{"@type":"WebSite","@id":"https:\/\/atrevete.pe\/blog\/#website","url":"https:\/\/atrevete.pe\/blog\/","name":"Blog Atr\u00e9vete","description":"Agencia de Dise\u00f1o Web","potentialAction":[{"@type":"SearchAction","target":{"@type":"EntryPoint","urlTemplate":"https:\/\/atrevete.pe\/blog\/?s={search_term_string}"},"query-input":{"@type":"PropertyValueSpecification","valueRequired":true,"valueName":"search_term_string"}}],"inLanguage":"es"}]}},"_links":{"self":[{"href":"https:\/\/atrevete.pe\/blog\/wp-json\/wp\/v2\/pages\/5777","targetHints":{"allow":["GET"]}}],"collection":[{"href":"https:\/\/atrevete.pe\/blog\/wp-json\/wp\/v2\/pages"}],"about":[{"href":"https:\/\/atrevete.pe\/blog\/wp-json\/wp\/v2\/types\/page"}],"author":[{"embeddable":true,"href":"https:\/\/atrevete.pe\/blog\/wp-json\/wp\/v2\/users\/1"}],"replies":[{"embeddable":true,"href":"https:\/\/atrevete.pe\/blog\/wp-json\/wp\/v2\/comments?post=5777"}],"version-history":[{"count":15,"href":"https:\/\/atrevete.pe\/blog\/wp-json\/wp\/v2\/pages\/5777\/revisions"}],"predecessor-version":[{"id":6047,"href":"https:\/\/atrevete.pe\/blog\/wp-json\/wp\/v2\/pages\/5777\/revisions\/6047"}],"wp:featuredmedia":[{"embeddable":true,"href":"https:\/\/atrevete.pe\/blog\/wp-json\/wp\/v2\/media\/5999"}],"wp:attachment":[{"href":"https:\/\/atrevete.pe\/blog\/wp-json\/wp\/v2\/media?parent=5777"}],"curies":[{"name":"wp","href":"https:\/\/api.w.org\/{rel}","templated":true}]}}